. Is d(1) composite?
True
Is (-80)/(-3 + -1) - -3 composite?
False
Let o(d) = d**2 + 7*d - 5. Let v be o(-8). Suppose -1 = v*h - 7. Suppose y - 15 = -h. Is y prime?
True
Let c = 1210 + 5551. Is c a prime number?
True
Suppose 3*c - r - 533 = c, -5*r = -3*c + 810. Is c prime?
False
Suppose -2*y - 9 - 6 = 5*v, 2*v = y - 6. Is ((-462)/v)/((-2)/(-1)) a composite number?
True
Is ((-591)/(-12))/(3/60) composite?
True
Let n = 22 - 21. Let s(v) = 795*v**3 - v**2 - 2*v + 1. Is s(n) a prime number?
False
Let v be 18/(-4)*14/(-21). Suppose -147 = -r - v*z, -5*r = -z - 4*z - 815. Suppose 2*x = -3*a + r, 0*x - x = 3. Is a prime?
False
Let k be (-82)/(-6) + 1/3. Suppose 0 = 5*z - k - 16. Is z a prime number?
False
Let i(d) = 4 - 9*d + 2*d - 8*d. Let r = 19 + -22. Is i(r) a prime number?
False
Is ((-2082)/(-12))/((-3)/(-18)) prime?
False
Suppose -5*l + 1455 = 5*y, y - 3*l = -2*y + 855. Suppose y + 213 = 3*k. Is k a composite number?
False
Let y(p) be the second derivative of p**4/12 - p**3/3 - 4*p. Let h be y(2). Suppose -60 = -2*f - h*k + 2*k, 34 = f - 2*k. Is f prime?
False
Suppose 8904 - 188 = 4*j. Is j prime?
True
Is ((-5)/(-10))/(3/9258) a composite number?
False
Suppose a - 2*k + 7*k - 75 = 0, -2*a + 3*k + 163 = 0. Suppose -2*u + c + a = -4*u, 5*u = c - 207. Let o = -22 - u. Is o prime?
True
Suppose -3*b + 46 = -b. Let p be (-1 + 2 + -3)*-1. Let t = b - p. Is t a prime number?
False
Let r(g) = g**3 + 7*g**2 + 2*g - 1. Suppose y + 25 = -4*y. Is r(y) composite?
True
Suppose 1430 = 4*w - 2*c + c, -1438 = -4*w - 3*c. Is w a prime number?
False
Let o(z) = 21*z**2 - 2*z + 2. Is o(3) a composite number?
True
Let t be 62/(-10) - (-5)/25. Let a be (-298)/(-4) - (-3)/t. Let h = -7 + a. Is h a prime number?
True
Let b(p) = p**3 - p + 27. Let s be b(0). Let g = s - -1. Let m = g - 19. Is m a composite number?
True
Suppose l = -2*r + 3*r + 86, 3*r - 74 = -l. Is l - (0 + 0/(-2)) prime?
True
Suppose -8441 = -6*l + 1585. Is l a composite number?
True
Suppose -2*u + 6*u - 20 = 0. Let d(m) = -4 + u*m + 1 + 5*m. Is d(5) a prime number?
True
Let w(a) = a**3 + a**2 + a + 1. Let i be w(-1). Suppose i = -3*v + 180 + 57. Is v a prime number?
True
Is (-6 + 2 - -94) + 1 prime?
False
Let j = -1865 + 2611. Is j composite?
True
Let m(l) = -l**2 + 1. Let p be m(0). Suppose 0 = -4*u - 3 - p. Is (3 - 3) + u + 78 prime?
False
Let k(g) = -g**2 + 4*g + 5. Let r be k(4). Suppose -18 + 3 = -r*i. Is i/(1*(-2)/(-22)) a composite number?
True
Suppose 0 = -4*q + 5*o + 725, -2*q + 359 = -3*o + 4*o. Let c be (1 - 0)/(4/q). Suppose 5*d - 20 - c = 0. Is d composite?
False
Let y(h) = h. Let c = -14 + 8. Let p(a) = -4*a - 1. Let r(m) = c*y(m) - p(m). Is r(-7) a prime number?
False
Let q(i) = i - 3. Let b be q(4). Is -74*(b - (-4)/(-2)) prime?
False
Let a(b) = b + 9. Let i be a(-8). Suppose i = -5*z - 9, -z = -2*s + 54. Suppose -3*t + 181 + s = 0. Is t composite?
True
Suppose -16376 = -5*f - 3*f. Is f a prime number?
False
Let s be -1 - 1/(2/(-4)). Is s/(1*3/111) a composite number?
False
Suppose 2*p - 3*x - 271 = 0, 4*x = 3 + 1. Let g = p - 94. Is g a prime number?
True
Let r(k) = -k**3 + 2*k**2 + 5*k + 2. Let b(p) = -p - 4. Let h be b(-3). Let w(x) = -x**3 + x**2 - x - 1. Let i(u) = h*r(u) - w(u). Is i(3) prime?
False
Suppose -5*h + w + 4 = -2*w, -4*h = 3*w - 14. Suppose -h*o = -o + 1. Is o/(-4) + (-561)/(-12) prime?
True
Let p be ((-34)/(-5))/((-2)/(-30)). Suppose 0*b + 2*b = -p. Let m = b + 104. Is m composite?
False
Suppose 0*a - 189 = -5*x + a, x - 2*a = 45. Is x prime?
True
Suppose -k - 106 = -3*k. Is k prime?
True
Suppose 5*h + 2*d - 11 = 0, h + 5*d + 2 = -5. Let z(p) = h*p + 8*p - 4*p. Is z(1) a prime number?
True
Let l = 470 - 296. Let p = -4 + 7. Suppose -95 = -k - 0*k - p*t, l = 2*k - 2*t. Is k a prime number?
True
Let x(n) be the second derivative of n**4/6 + n**3/6 + n**2/2 + n. Suppose -6*w + 5*w - 2 = 0. Is x(w) prime?
True
Let i = -601 + 930. Is i a composite number?
True
Let c = 611 - 5. Suppose -4*i = -c + 122. Is i a composite number?
True
Suppose 5*g = -5 + 15. Suppose 0 = -g*y - 3*y + 1945. Is y prime?
True
Suppose 8*n - 4*n = 12. Let s = 5 + -2. Suppose -s*y + 246 + n = 0. Is y a composite number?
False
Let q = 9 - 7. Suppose -q*x + 411 + 191 = 0. Is x composite?
True
Is (128*3 - 0) + -3 prime?
False
Suppose -5*w - 20 = 4*f, 4*w + w + 20 = 4*f. Suppose f*v = 4*v + 152. Let d = v + 61. Is d prime?
True
Let w = 9 - 21. Let l be ((-3)/(-4))/(3/w). Is (l/(-6))/((-1)/(-30)) composite?
True
Let j(m) = -68*m**3 - 2*m**2 + m. Let x be j(1). Let f = x + 112. Is f composite?
False
Let u(l) = 3*l**3 + 2*l**2 - 9*l - 9. Is u(7) a prime number?
False
Let i(g) = -16*g**2 + 5*g - 3. Let h be i(3). Let w = h + 441. Suppose 4*r - 151 = w. Is r composite?
True
Let k(f) = -f**3 + 8 + 4*f - 5 + 2*f**3 + 4*f**2. Let b be k(-2). Suppose b*y - 267 = -3*x - 105, -5*y + 279 = -4*x. Is y a prime number?
False
Let u(d) = -d**3 + 8*d**2 + 10*d - 7. Let r be u(9). Suppose p - 22 = -m, r*m = -2*m. Is p composite?
True
Let j(h) = 6*h**2 - 8*h + 2. Let z be j(-6). Suppose 3*r - 2*p + 272 = 7*r, -4*r = -p - z. Is r a composite number?
False
Is 3*(-6 + 1876/12) composite?
True
Let m = 0 - -4. Suppose 4*l - 5 = -3*t, 3*t = t + l - m. Is (-668)/(-6) - t/(-3) composite?
True
Let h(n) = n**2 + n - 2. Let j be h(2). Suppose j*k - 335 = -k. Is k prime?
True
Let h be (-1)/(-4) - (-17935)/20. Let m = -598 + h. Is m composite?
True
Let l(z) = -z**2 - 10*z - 2. Let s be l(-9). Let h be -1 + 0 + (-12)/(-2). Suppose -h*v + s*v - 178 = 0. Is v a composite number?
False
Let f be (15/10)/(2/148). Is 182/21*f/2 a prime number?
False
Suppose 4*g - 1000 = -3*v, 4*v + v = 0. Suppose 0 = -z + g + 97. Is z prime?
True
Let q be 111/21 - (-4)/(-14). Suppose 0*p - q*p + 50 = 0. Is p a prime number?
False
Let s = 140 - -413. Is s composite?
True
Let a = 313 + -224. Is a a composite number?
False
Suppose 20 + 31 = 4*v - 3*i, 3*v = -2*i + 17. Suppose k = 2*k - v. Is 48/k - 2/(-3) composite?
True
Let z be (-4)/(8/(-6)) - -421. Suppose z = 5*t - 4*p, -49 = -t - 5*p + 59. Let l = -51 + t. Is l a prime number?
True
Let r be ((-1)/(-2))/(4/(-1528)). Let w = r - -288. Is w a prime number?
True
Let z(i) = i**3 + 6*i**2 + i + 2. Let t be z(-6). Is t/2*(-12 - -5) a composite number?
True
Is ((-6)/2 - -994)*1 prime?
True
Suppose -3*l - 2*c = 3*c - 174, 4*l - 203 = 3*c. Is l a composite number?
False
Let i = -9 + 3. Is (2/i)/((-1)/99) a composite number?
True
Let z = 195 + -74. Suppose 0 = 5*y - 434 - z. Is y a composite number?
True
Let q be ((-20)/5)/(2/272). Let o = q - -941. Is o composite?
False
Let h(c) = c**3 - 3*c**2 + 2*c + 1. Let o be h(2). Let n(d) = 3 - 4 + d + 37*d**3 + 5*d - d**2 - 4*d. Is n(o) a prime number?
True
Suppose -2*o - 2*o - 28 = 5*j, 4*j + 10 = 3*o. Is ((-282)/(-24))/((-1)/j) a prime number?
True
Suppose 5*a - 35 = -0. Let l = a + -3. Suppose l*y + 2*t = 110, y - 2*t - t - 17 = 0. Is y composite?
True
Let b(z) = -z + 1. Let v be b(-7). Let y(g) = -g**3 + 9*g**2 - 9*g + 12. Let x be y(v). Suppose -m - x*w = -95, 2*m - 126 - 25 = 5*w. Is m prime?
True
Suppose 0 = -2*j - 0 + 2. Is (-3059)/(-28) + j/(-4) composite?
False
Suppose -3*k = -5*k + 4. Suppose k*b - 3*b = 0. Suppose b = -m - 10 + 49. Is m composite?
True
Let l = 41 - 24. Suppose -5*j = -d + 3*d - 52, 0 = -2*j + 3*d + l. Is j a composite number?
True
Is (1 + -4 - -5)*(-4358)/(-4) a composite number?
False
Suppose -3*y = -5*t - 65, -3*t = -4*y - t + 96. Let j = y + -18. Is j - 2 - (1 - 3) a composite number?
False
Suppose 0*y - 557 = -3*y - r, 2*r - 740 = -4*y. Suppose 78 = 5*b - y. Is b a prime number?
True
Let r = -194 - -325. Is r composite?
False
Suppose 3*p - o + 2 = 10, 0 = -5*o - 10. Let h(t) = t - 2 + 2*t**2 + t**3 + t**p - 2*t**2. Is h(3) a prime number?
True
Suppose 2*b + 1674 = 4*z, -z - 421 = -2*z - 2*b. Is z prime?
True
Let d = -402 + 3857. Is d a composite number?
True
Suppose -m + 3*b = -106, 0 = 5*m - 3*m + 2*b - 204. Is (m/(-4))/(1/(-20)) a composite number?
True
Suppose -2*l = -2*g + 2*l + 8, -g - 3*l - 1 = 0. Suppose g*q = 2*k - 6, q - 3*k + 6 = -k. Suppose 0 = x - q*x - 23. Is x a composite number?
False
Suppose -2*j = -6*j + 16. Suppose j*m - 132 = a, 4*a + 325 = m - 158. Is -1 - 0/(-3) - a a prime number?
False
Let t = 49 + 10. Is t a composi